{"id":2583,"date":"2024-12-29T10:38:28","date_gmt":"2024-12-29T09:38:28","guid":{"rendered":"https:\/\/www.association-visage.com\/wp\/?page_id=2583"},"modified":"2026-01-19T15:06:25","modified_gmt":"2026-01-19T14:06:25","slug":"sejour-ados-15-17-ans","status":"publish","type":"page","link":"https:\/\/www.association-visage.com\/wp\/sejour-ados-15-17-ans\/","title":{"rendered":"S\u00e9jour ados 16-17 ans"},"content":{"rendered":"<div>\n<div><\/div>\n<\/div>\n<div>\u00a0<\/div>\n<div>\n<h4 style=\"text-align: right;\"><a href=\"http:\/\/www.association-visage.com\/wp\/actualites\/galerie-photos\/\">Plus de Photos<\/a><\/h4>\n<\/div>\n<h3><span style=\"color: #06417e;\"><strong>Le s\u00e9jour ados 16\/17 ans, c&rsquo;est quoi?<\/strong><\/span><\/h3>\n<p>2 semaines inoubliables o\u00f9 Visage t&#8217;emm\u00e8ne pour un s\u00e9jour itin\u00e9rant en Juillet. Avec des animateurs pr\u00eats \u00e0 tout pour te faire vivre des vacances de folie, tu d\u00e9couvriras des paysages fabuleux et feras de superbes rencontres. Avec au programme baignade, farniente, activit\u00e9s sportives, veill\u00e9es et grands jeux, rires et d\u00e9lires, tout cela dans l&rsquo;ambiance unique \u00ab\u00a0Visage\u00a0\u00bb, tu ne regretteras pas d&rsquo;avoir laiss\u00e9 ton petit chez toi.<\/p>\n<hr \/>\n<h3><span style=\"color: #06417e;\"><strong>S\u00e9jour ados 2026 &#8211; Van &amp; Sud Ouest<\/strong><\/span><\/h3>\n\n\n<p class=\"has-text-align-center\"><strong>Du samedi 4 juillet au vendredi 17 juillet<\/strong><\/p>\n\n\n\n<p class=\"has-text-align-center\">(16-17 ans ou lyc\u00e9e)<\/p>\n\n\n\n<p>Tu as entre 16 et 17 ans, tu h\u00e9sites pour cet \u00e9t\u00e9 entre partir en vacances avec tes potes, faire une colo, trouver un travail ? Ce s\u00e9jour est fait pour toi ! Viens vivre une ultime colo avec Visage, ambiance sac \u00e0 dos, Van, petit groupe, autonomie. L\u2019id\u00e9e est de te faire d\u00e9couvrir de nombreuses activit\u00e9s avant le basculement \u00e0 l\u2019\u00e2ge adulte : activit\u00e9s sportives, festival, cuisine, soir\u00e9es, baignades, quartiers libres, parc d\u2019attraction, bivouac, d\u00e9couverte de paysage, jeux en tout genre\u2026 bref des vacances de r\u00eave, le tout encadr\u00e9 par une \u00e9quipe d\u2019animation professionnelle qui souhaite plus que tout partager ces moments avec toi. <\/p>\n\n\n\n<p>Pour cette 2e \u00e9dition, nous retournons explorer le Sud-Ouest, du Pays de la Loire \u00e0 la Nouvelle Aquitaine. Attention, ce ne sera pas de tout repos, 5 lieux diff\u00e9rents sont pr\u00e9vus ! Ces 14 jours risquent de passer en un clin d\u2019\u0153il et \u00e0 la fin tu seras un expert en montage et d\u00e9montage de camp \ud83d\ude42 Tu embarques avec nous ?<\/p>\n\n\n\n<p><strong>Transport<\/strong> : Deux vans de 9 places nous permettront de nous d\u00e9placer.&nbsp;Nous serons 18 au total.<\/p>\n\n\n\n<p><strong>Activit\u00e9s<\/strong> \u00ab\u00a0sp\u00e9ciales\u00a0\u00bb : Une journ\u00e9e au festival la nuit de l&rsquo;Erdre, 2 s\u00e9ances de surf, Une journ\u00e9e au parc Ast\u00e9rix<\/p>\n\n\n\n<p><strong>H\u00e9bergement :<\/strong>&nbsp;En camping dans des tentes de 4 places avec une tente cuisine et des tonnelles. Tout se d\u00e9roule en autonomie pendant tout le s\u00e9jour, le moment pour montrer vos meilleurs talents culinaires ! <\/p>\n\n\n\n<hr class=\"wp-block-separator has-css-opacity\"\/>\n\n\n\n<p><a href=\"https:\/\/www.association-visage.com\/wp\/accueil\/les-equipes-de-direction\/\"><strong>Directeur: Tom<\/strong><\/a><\/p>\n\n\n\n<p>Prix: 1 415\u20ac<\/p>\n\n\n\n<h2 class=\"wp-block-heading has-text-align-center\"><a href=\"http:\/\/www.association-visage.com\/wp\/nos-colos\/inscriptions\/\"><strong>Inscriptions<\/strong><\/a><\/h2>\n","protected":false},"excerpt":{"rendered":"<p>\u00a0 Plus de Photos Le s\u00e9jour ados 16\/17 ans, c&rsquo;est quoi? 2 semaines inoubliables o\u00f9 Visage t&#8217;emm\u00e8ne pour un s\u00e9jour itin\u00e9rant en Juillet. Avec des animateurs pr\u00eats \u00e0 tout pour &hellip;<\/p>\n","protected":false},"author":7,"featured_media":0,"parent":0,"menu_order":0,"comment_status":"closed","ping_status":"closed","template":"fullwidth.php","meta":{"om_disable_all_campaigns":false,"_monsterinsights_skip_tracking":false,"_monsterinsights_sitenote_active":false,"_monsterinsights_sitenote_note":"","_monsterinsights_sitenote_category":0,"footnotes":""},"class_list":["post-2583","page","type-page","status-publish","hentry"],"aioseo_notices":[],"_links":{"self":[{"href":"https:\/\/www.association-visage.com\/wp\/wp-json\/wp\/v2\/pages\/2583","targetHints":{"allow":["GET"]}}],"collection":[{"href":"https:\/\/www.association-visage.com\/wp\/wp-json\/wp\/v2\/pages"}],"about":[{"href":"https:\/\/www.association-visage.com\/wp\/wp-json\/wp\/v2\/types\/page"}],"author":[{"embeddable":true,"href":"https:\/\/www.association-visage.com\/wp\/wp-json\/wp\/v2\/users\/7"}],"replies":[{"embeddable":true,"href":"https:\/\/www.association-visage.com\/wp\/wp-json\/wp\/v2\/comments?post=2583"}],"version-history":[{"count":13,"href":"https:\/\/www.association-visage.com\/wp\/wp-json\/wp\/v2\/pages\/2583\/revisions"}],"predecessor-version":[{"id":2834,"href":"https:\/\/www.association-visage.com\/wp\/wp-json\/wp\/v2\/pages\/2583\/revisions\/2834"}],"wp:attachment":[{"href":"https:\/\/www.association-visage.com\/wp\/wp-json\/wp\/v2\/media?parent=2583"}],"curies":[{"name":"wp","href":"https:\/\/api.w.org\/{rel}","templated":true}]}}

Séjour ados 16-17 ans

<div>
<div></div>
</div>
<div> </div>
<div>
<h4 style="text-align: right;"><a href="http://www.association-visage.com/wp/actualites/galerie-photos/">Plus de Photos</a></h4>
</div>
<h3><span style="color: #06417e;"><strong>Le séjour ados 16/17 ans, c&rsquo;est quoi?</strong></span></h3>
<p>2 semaines inoubliables où Visage t&#8217;emmène pour un séjour itinérant en Juillet. Avec des animateurs prêts à tout pour te faire vivre des vacances de folie, tu découvriras des paysages fabuleux et feras de superbes rencontres. Avec au programme baignade, farniente, activités sportives, veillées et grands jeux, rires et délires, tout cela dans l&rsquo;ambiance unique « Visage », tu ne regretteras pas d&rsquo;avoir laissé ton petit chez toi.</p>
<hr />
<h3><span style="color: #06417e;"><strong>Séjour ados 2026 &#8211; Van &amp; Sud Ouest</strong></span></h3>


<p class="has-text-align-center"><strong>Du samedi 4 juillet au vendredi 17 juillet</strong></p>



<p class="has-text-align-center">(16-17 ans ou lycée)</p>



<p>Tu as entre 16 et 17 ans, tu hésites pour cet été entre partir en vacances avec tes potes, faire une colo, trouver un travail ? Ce séjour est fait pour toi ! Viens vivre une ultime colo avec Visage, ambiance sac à dos, Van, petit groupe, autonomie. L’idée est de te faire découvrir de nombreuses activités avant le basculement à l’âge adulte : activités sportives, festival, cuisine, soirées, baignades, quartiers libres, parc d’attraction, bivouac, découverte de paysage, jeux en tout genre… bref des vacances de rêve, le tout encadré par une équipe d’animation professionnelle qui souhaite plus que tout partager ces moments avec toi. </p>



<p>Pour cette 2e édition, nous retournons explorer le Sud-Ouest, du Pays de la Loire à la Nouvelle Aquitaine. Attention, ce ne sera pas de tout repos, 5 lieux différents sont prévus ! Ces 14 jours risquent de passer en un clin d’œil et à la fin tu seras un expert en montage et démontage de camp 🙂 Tu embarques avec nous ?</p>



<p><strong>Transport</strong> : Deux vans de 9 places nous permettront de nous déplacer.&nbsp;Nous serons 18 au total.</p>



<p><strong>Activités</strong> « spéciales » : Une journée au festival la nuit de l&rsquo;Erdre, 2 séances de surf, Une journée au parc Astérix</p>



<p><strong>Hébergement :</strong>&nbsp;En camping dans des tentes de 4 places avec une tente cuisine et des tonnelles. Tout se déroule en autonomie pendant tout le séjour, le moment pour montrer vos meilleurs talents culinaires ! </p>



<hr class="wp-block-separator has-css-opacity"/>



<p><a href="https://www.association-visage.com/wp/accueil/les-equipes-de-direction/"><strong>Directeur: Tom</strong></a></p>



<p>Prix: 1 415€</p>



<h2 class="wp-block-heading has-text-align-center"><a href="http://www.association-visage.com/wp/nos-colos/inscriptions/"><strong>Inscriptions</strong></a></h2>

<p>  Plus de Photos Le séjour ados 16/17 ans, c&rsquo;est quoi? 2 semaines inoubliables où Visage t&#8217;emmène pour un séjour itinérant en Juillet. Avec des animateurs prêts à tout pour &hellip;</p>
